he third derivative of z**5/10 + z**4/24 + z**3/3 + 3*z**2. What is the units digit of n(-4)?
4
Let n(h) = 2*h**2 - h - 2. Let c be n(2). Suppose 279 = -c*f + 1143. What is the tens digit of f?
1
Suppose 0 = -3*y - 6, -2*g + 1 + 1 = 4*y. Suppose 188 = -g*u - 97. Let o = -30 - u. What is the units digit of o?
7
Let g be 5/(-15)*6/(-2). Suppose -g = -4*b + 11. Suppose -15 + b = -o. What is the units digit of o?
2
Let k be (-1)/7 + (2187/21 - 1). What is the tens digit of (-2 + 6/2)*k?
0
Suppose 37*j - 4473 = 28*j. What is the units digit of j?
7
Suppose 3*g - 293 = -p, 0*p - p = -5. What is the units digit of g?
6
Let m(z) = 253*z + 4. Let r be m(1). Suppose -455 = -8*i + r. What is the tens digit of i?
8
What is the units digit of (-80)/(-3)*(-507)/(-52)?
0
What is the hundreds digit of 362 - ((-18)/(-27))/(2/12)?
3
Let u(a) = -10*a**2 + 11*a + 5. Let y(i) = 10*i**2 - 12*i - 4. Let k(j) = -7*u(j) - 6*y(j). What is the tens digit of k(4)?
2
Suppose 1100 = x - 4*q, 4*x - 2*x - 2226 = -5*q. What is the tens digit of x?
0
Suppose 603 = 5*v + 118. What is the tens digit of v?
9
Let v(i) = 6*i - 45. Let f(k) = 6*k - 46. Let n(d) = 4*f(d) - 3*v(d). What is the tens digit of n(16)?
4
Let k(z) = 11*z**2 - 5*z + 129. What is the hundreds digit of k(-18)?
7
Let a be -1 + (4 - -2 - 3). Suppose -16 = 3*q - a*q. What is the units digit of (-1 - 3)*76/q?
9
Let c = 437 - -1084. What is the units digit of c?
1
Let b be 1 + -2 + 5 + -5. Let w be (b - -3) + (-154)/(-2). Suppose w = 5*m - 4*g, m = 2*m + g - 14. What is the units digit of m?
5
Let p be (-3)/18*-50*9. Suppose -w - p = -4*w + 3*b, -4*b + 107 = 5*w. What is the units digit of w?
3
Let k(l) = -l**2 - 13*l - 3. Suppose 11 = 3*s + 5. Suppose -s*t = -0*t + 24. What is the units digit of k(t)?
9
Suppose s - 177 = 552. What is the tens digit of s?
2
Let k = -78 - -93. What is the units digit of 6*(-3)/12*(-1160)/k?
6
Let t(d) = -2*d**3 - 20*d**2 - 6*d + 8. Let a be t(-13). Suppose 4*z - a = -0*z. Suppose -5*x - 5*o = -4*x - 90, 4*x = -3*o + z. What is the units digit of x?
5
Let a be 2/7 - 27/21. Let o be a/(-5) + 19/5. Suppose o*u = n - 30, 16 = 5*n + u - 113. What is the tens digit of n?
2
Let z(t) = t - 1 + 1 + 1. Let a be z(-1). Let b(o) = -o**3 - o**2 - o + 29. What is the tens digit of b(a)?
2
What is the thousands digit of 2256 + 15 - 4/10*5?
2
Let m(i) = 9*i**2 - 1. Let x be m(-2). Suppose -q = g - x, 5*g + 175 = 2*q + 3*q. What is the tens digit of 686/q + 4/10?
2
Let q be 4 + 0/(-1)*-1. Suppose 34 = -103*f + 104*f. Suppose -f = 3*y - q*y. What is the units digit of y?
4
Suppose 3*v - 2*v - 9 = 0. Suppose -4*q = -q - v. What is the tens digit of 35/2 + q/6?
1
Suppose -4*m = -34 + 46. What is the units digit of 12/8*66 - m/3?
0
Let b(p) = -p**3 + 11*p**2 - 8*p - 2. Let k be b(9). Suppose 4*d - 104 = k. Let n = d + -30. What is the tens digit of n?
1
Let n = 218 - 90. Suppose -3*i = -v + 6*v - 113, 2*v = -3*i + n. What is the units digit of i?
6
Let l(j) = 3*j - 4. Let g be l(3). Suppose 0 = 3*y - g*p + 70, 5*y + 129 = -0*y - 4*p. Let c = -8 - y. What is the units digit of c?
7
What is the tens digit of (-1548)/(-15)*(-125)/(-10)?
9
Let h = 44 - 10. Suppose 3*c + c = -4*b + 40, 4*c + 2*b = h. What is the units digit of c?
7
Suppose -s + 403 - 25 = 0. What is the units digit of s?
8
Suppose -6*r + 5*i = -5*r - 126, 5*i = 10. Suppose -2*j = -326 - r. What is the units digit of j?
1
Suppose 111*q - 104*q = 3451. What is the hundreds digit of q?
4
Suppose -14*t = -18141 - 857. What is the units digit of t?
7
Suppose -18*c = -10*c - 10832. What is the units digit of c?
4
Let y(m) = 3*m - 49. Let u be y(18). Suppose -u*j + v + 228 = -2*v, 5*v - 68 = -j. What is the units digit of j?
8
Let f = 45 + -36. Suppose -f*n + 546 = -147. What is the units digit of n?
7
Let x(q) = -q**3 - 4*q**2 - 9*q + 12. Suppose 1 + 9 = -2*u. What is the units digit of x(u)?
2
Let b(a) = a + 54. Suppose -4*d + 0*w = -2*w + 80, 3*d - 4*w = -50. What is the tens digit of b(d)?
3
Let z = -1 + 6. Let s = 12 - z. Let y = 8 + s. What is the tens digit of y?
1
Let n(a) = -230*a - 9. What is the tens digit of n(-1)?
2
Let o be ((-24)/9)/((-4)/6). Suppose -2*m + 5*a = -o*m + 43, -2*a - 146 = -4*m. Suppose -4*x - m = -134. What is the tens digit of x?
2
Let q = -169 - -565. Suppose -n - q = -4*g, -g + n + 57 + 39 = 0. Let l = g + -51. What is the units digit of l?
9
Let s be 1 + 4 + 2 - -3. Let i = -9 + s. What is the tens digit of (i + -3)/(6/(-36))?
1
Let d(l) be the second derivative of -l**4/12 + l**2 - 4*l. Let x be d(0). Suppose x*g - 3*v = 30, -3*g + 19 + 23 = -3*v. What is the tens digit of g?
1
Suppose 3*b = 4*t + 1683, 0*b - 2*t + 2805 = 5*b. What is the hundreds digit of b?
5
Let w(n) = -n**3 - 7*n**2 + n + 4. What is the thousands digit of w(-13)?
1
Suppose 0*p + 140 = 7*p. Suppose 0 = 5*y - 2*g - 14 - 3, 0 = -5*g + p. What is the tens digit of 60 + 3*y/5?
6
Let r = 141 + -71. Let b = 35 - 32. Suppose b*a - r = 11. What is the tens digit of a?
2
Let d = 107 + -20. Suppose 2*h + 240 = -3*h. Let k = d + h. What is the tens digit of k?
3
Let j = 1778 + -1214. What is the units digit of j?
4
Let x(c) be the second derivative of c**4/4 - 2*c**3/3 + 7*c**2/2 + c. Let t(z) = z**2 + 2*z - 3. Let a be t(-4). What is the units digit of x(a)?
2
Suppose 0 = -5*p - l + 274, -3*p + p - l = -109. Let a = 83 + p. What is the units digit of a?
8
Suppose 11 = 4*a - 1, -r = -a - 1197. What is the hundreds digit of r?
2
Suppose -10*b + 9*b = 99. Let o = -15 - b. What is the units digit of o?
4
Let j(u) be the first derivative of -3*u**2/2 - 9*u + 4. Let h be j(-4). Suppose 4*r - 20 = h*r. What is the tens digit of r?
2
Let x(r) = r**2 - 13*r + 15. Let i(g) = -g**3 - 13*g**2 - g - 1. Let z be i(-13). Let n be x(z). Suppose 76 = n*d - d. What is the tens digit of d?
3
Let f = 11027 + -7324. What is the hundreds digit of f?
7
Let s = 73 + -70. Suppose 3*l - 375 = 3*t, -2*t = s*l - 4*t - 370. What is the units digit of l?
0
Let j = 27 + -24. Let g = 13 - j. What is the tens digit of g?
1
Suppose 3*g - 4212 = -3*g. What is the tens digit of g?
0
Suppose -14 = -2*s + 16. Let f = s + 20. Suppose 3*n - f = -2*n. What is the units digit of n?
7
Let k = 30 + -30. Suppose k = 2*c - 14 - 114. What is the units digit of c?
4
Suppose -8 = -4*n - 0*n. Suppose y + y = 8, 5*m + n*y - 13 = 0. What is the units digit of m*(2*-11)/(-2)?
1
Let b(a) = a + 10. Let s(j) = j. Let u(i) = b(i) - 2*s(i). Let f(h) = -h + 11. Let c be f(8). What is the units digit of u(c)?
7
Let b(d) = 1122*d**2 + 5*d. What is the tens digit of b(1)?
2
Suppose 5*v - 10*v = 5. Let y(o) = -3*o + 5. Let f(u) = 4*u - 4. Let x(p) = -4*f(p) - 3*y(p). What is the units digit of x(v)?
8
Let g(f) = 24*f**2 - 6*f - 9. Let k be g(-3). Suppose k = 2*m - 3*q, 5*m - 3*q - 898 = -340. What is the tens digit of m?
1
Suppose q - 5 = s, 4*s + 2*q = -0*q - 8. What is the tens digit of ((-12)/8)/(s/72)?
3
What is the units digit of ((-6)/4)/(9/(-528)) + 5?
3
Let g = 447 - 406. Let k(r) = -r + 7. Let i be k(5). Suppose -b = -i - g. What is the tens digit of b?
4
Let p = -5 + 5. Suppose 3*g - 12 + p = 0. Suppose v - 15 = -j - 3*v, -g*v - 23 = -j. What is the units digit of j?
9
Let g be (852/8)/(-3)*-2. Suppose -2*v - 4*a = -3*v + g, -v = -3*a - 74. What is the tens digit of v?
8
Let q = 2335 + -1057. Suppose 7*r - 13*r + q = 0. What is the hundreds digit of r?
2
Let r(b) = 136*b + 20. What is the units digit of r(3)?
8
Suppose -2*p - 14 = 4*z - 4, -2*p + 2*z + 20 = 0. Let g(n) = n**3 - 4*n**2 - 7. What is the units digit of g(p)?
8
Let l be (-1 + 7)*(-2)/(-6). Suppose -l*s = -5*o + 4, 0 = o + 4*o - 3*s - 1. What is the tens digit of (-1140)/(-15) + 2*o?
8
Suppose 0 = 3*c + 4*n - 640, -2*c - 4*n + 440 = -8*n. What is the units digit of c?
6
Let k(m) = 103*m**2 - 34*m + 64. What is the tens digit of k(2)?
0
Let l(q) = -2*q + 31. Let s be l(13). Suppose -10 = -s*h, 3*o - 2*h = 2*h + 445. Suppose -3*y - 55 = -o. What is the units digit of y?
2
Suppose 0 = -7*b + 5*b. Suppose 2*m - 2*s = 16, 2*m - s = -b*s + 12. Suppose 23 - 3 = m*y. What is the units digit of y?
5
Let l(d) be the second derivative of -d**4/12 - 25*d**3/6 + 5*d**2/2 + 8*d. What is the units digit of l(-19)?
9
Let t be (-15)/3 - 102 - 4. Let b = 15